{"id":66,"date":"2024-09-17T22:47:42","date_gmt":"2024-09-17T20:47:42","guid":{"rendered":"https:\/\/ma-reception-42.com\/?page_id=66"},"modified":"2026-04-14T19:46:45","modified_gmt":"2026-04-14T17:46:45","slug":"contactez-nous","status":"publish","type":"page","link":"https:\/\/ma-reception-42.com\/?page_id=66","title":{"rendered":"Contactez nous \/ F.A.Q"},"content":{"rendered":"<h2 class=\"wp-block-heading has-text-align-center\">Contact<\/h2><p class=\"has-text-align-center\">TELEPHONE : <strong>06 37 74 64 06<\/strong><\/p><p class=\"has-text-align-center\">EMAIL : <strong>mareception42@gmail.com<\/strong><\/p><p class=\"has-text-align-center\">Adresse : 804 Route de Ouillas 43110 Aurec Sur Loire<\/p><h2 class=\"wp-block-heading has-text-align-center\">Informations compl\u00e9mentaire<\/h2><p><strong>Quand et comment r\u00e9gler ?<\/strong><\/p><p>&#8211; Une fois votre commande pass\u00e9e un devis vous sera adress\u00e9 dans les plus bref d\u00e9lais comprenant le montant de l&#8217; acompte de 30% de votre montant  pour valider votre commande ainsi que les frais de livraisons en fonction de votre situation g\u00e9ographique.<br>&#8211; Le restant du vous sera demand\u00e9 au retour des \u00e9l\u00e9ments.<br>&#8211; Un ch\u00e8que de caution dont le montant vous sera indiqu\u00e9 lors de la validation de votre devis, sera \u00e0 remettre en main propre lors de la prise en main des \u00e9l\u00e9ments.&nbsp;<br><br><strong>En cas de casse ?<\/strong><\/p><p>&#8211; En cas de casse de vaisselle ou autres ces derniers vous seront factur\u00e9s et rajout\u00e9s au solde, du au retour des \u00e9l\u00e9ments.<br>-La valeur d&#8217; un produit d\u00e9t\u00e9rior\u00e9 ou non rendu vous est indiqu\u00e9 sur la fiche de chaque produit.<br>-Pour les gros \u00e9l\u00e9ments une assurance est souscrite automatiquement, sans rajout de votre part.Pour ces derniers le montant engag\u00e9 de votre part ne pourra exc\u00e9der le montant du ch\u00e8que de caution.<br>(faisant valeur de franchise).<br>&nbsp;<br>&nbsp;<\/p><p><strong>Ou et quand r\u00e9cup\u00e9rer ma location ?<\/strong><\/p><p>-On s&#8217;occupe de tout ,nous prenons contact avec vous le lundi de votre \u00e9v\u00e9nement afin de fixer le Rdv qui vous convient le plus.<br>-Pour les livraisons sur une adresse personnelle , inf\u00e9rieur a 350\u20ac et\u00a0 dans un rayon de 25 km autour de AUREC SUR LOIRE: frais de livraison factur\u00e9 30\u20ac.<\/p><p>-Pour les livraisons dans un rayon sup\u00e9rieur a 25 km de AUREC SUR LOIRE nous consulter.<\/p><p><strong>Quel est la dur\u00e9e de location ? <\/strong><\/p><p>La dur\u00e9e de location est de 4 jours , du Vendredi au Lundi pour le prix indiqu\u00e9.<br>Pour tout autre jour de la semaine ou location d&#8217;une plus grande dur\u00e9e , contactez nous.<\/p>","protected":false},"excerpt":{"rendered":"<p>Contact TELEPHONE : 06 37 74 64 06 EMAIL : mareception42@gmail.com Adresse : 804 Route de Ouillas 43110 Aurec Sur [&hellip;]<\/p>\n","protected":false},"author":1,"featured_media":0,"parent":0,"menu_order":0,"comment_status":"closed","ping_status":"closed","template":"","meta":{"site-sidebar-layout":"default","site-content-layout":"","ast-site-content-layout":"","site-content-style":"default","site-sidebar-style":"default","ast-global-header-display":"","ast-banner-title-visibility":"","ast-main-header-display":"","ast-hfb-above-header-display":"","ast-hfb-below-header-display":"","ast-hfb-mobile-header-display":"","site-post-title":"","ast-breadcrumbs-content":"","ast-featured-img":"","footer-sml-layout":"","theme-transparent-header-meta":"","adv-header-id-meta":"","stick-header-meta":"","header-above-stick-meta":"","header-main-stick-meta":"","header-below-stick-meta":"","astra-migrate-meta-layouts":"default","ast-page-background-enabled":"default","ast-page-background-meta":{"desktop":{"background-color":"var(--ast-global-color-4)","background-image":"","background-repeat":"repeat","background-position":"center center","background-size":"auto","background-attachment":"scroll","background-type":"","background-media":"","overlay-type":"","overlay-color":"","overlay-opacity":"","overlay-gradient":""},"tablet":{"background-color":"","background-image":"","background-repeat":"repeat","background-position":"center center","background-size":"auto","background-attachment":"scroll","background-type":"","background-media":"","overlay-type":"","overlay-color":"","overlay-opacity":"","overlay-gradient":""},"mobile":{"background-color":"","background-image":"","background-repeat":"repeat","background-position":"center center","background-size":"auto","background-attachment":"scroll","background-type":"","background-media":"","overlay-type":"","overlay-color":"","overlay-opacity":"","overlay-gradient":""}},"ast-content-background-meta":{"desktop":{"background-color":"var(--ast-global-color-5)","background-image":"","background-repeat":"repeat","background-position":"center center","background-size":"auto","background-attachment":"scroll","background-type":"","background-media":"","overlay-type":"","overlay-color":"","overlay-opacity":"","overlay-gradient":""},"tablet":{"background-color":"var(--ast-global-color-5)","background-image":"","background-repeat":"repeat","background-position":"center center","background-size":"auto","background-attachment":"scroll","background-type":"","background-media":"","overlay-type":"","overlay-color":"","overlay-opacity":"","overlay-gradient":""},"mobile":{"background-color":"var(--ast-global-color-5)","background-image":"","background-repeat":"repeat","background-position":"center center","background-size":"auto","background-attachment":"scroll","background-type":"","background-media":"","overlay-type":"","overlay-color":"","overlay-opacity":"","overlay-gradient":""}},"footnotes":""},"class_list":["post-66","page","type-page","status-publish","hentry"],"jetpack_sharing_enabled":true,"_links":{"self":[{"href":"https:\/\/ma-reception-42.com\/index.php?rest_route=\/wp\/v2\/pages\/66","targetHints":{"allow":["GET"]}}],"collection":[{"href":"https:\/\/ma-reception-42.com\/index.php?rest_route=\/wp\/v2\/pages"}],"about":[{"href":"https:\/\/ma-reception-42.com\/index.php?rest_route=\/wp\/v2\/types\/page"}],"author":[{"embeddable":true,"href":"https:\/\/ma-reception-42.com\/index.php?rest_route=\/wp\/v2\/users\/1"}],"replies":[{"embeddable":true,"href":"https:\/\/ma-reception-42.com\/index.php?rest_route=%2Fwp%2Fv2%2Fcomments&post=66"}],"version-history":[{"count":9,"href":"https:\/\/ma-reception-42.com\/index.php?rest_route=\/wp\/v2\/pages\/66\/revisions"}],"predecessor-version":[{"id":1552,"href":"https:\/\/ma-reception-42.com\/index.php?rest_route=\/wp\/v2\/pages\/66\/revisions\/1552"}],"wp:attachment":[{"href":"https:\/\/ma-reception-42.com\/index.php?rest_route=%2Fwp%2Fv2%2Fmedia&parent=66"}],"curies":[{"name":"wp","href":"https:\/\/api.w.org\/{rel}","templated":true}]}}