{"id":583,"date":"2024-10-21T18:25:34","date_gmt":"2024-10-21T16:25:34","guid":{"rendered":"https:\/\/ma-reception-42.com\/?post_type=product&#038;p=583"},"modified":"2026-02-09T09:46:41","modified_gmt":"2026-02-09T08:46:41","slug":"centre-de-table-a-modulable","status":"publish","type":"product","link":"https:\/\/ma-reception-42.com\/?product=centre-de-table-a-modulable","title":{"rendered":"Centre de table \u00e0 moduler"},"content":{"rendered":"<p data-cerberus=\"ELEM_h1\" aria-labelledby=\"product-name a11y-product-detail-info\">Centre de table \u00e0 cr\u00e9er soit m\u00eame selon vos envies<\/p>\n<p id=\"product-name\" class=\"mt-heading mt-heading--s l-product-detail-presentation__title\" data-cerberus=\"ELEM_h1\" aria-labelledby=\"product-name a11y-product-detail-info\">Support de Fleurs de Mariage 80 cm<\/p>\n<p class=\"mt-heading mt-heading--s l-product-detail-presentation__title\" data-cerberus=\"ELEM_h1\" aria-labelledby=\"product-name a11y-product-detail-info\">Porte-fleurs M\u00e9tal Dor\u00e9 ,Centre de Table Mariage ,Vase G\u00e9om\u00e9trique Stratifi\u00e9 Acrylique ,Pr\u00e9sentoir Floral<\/p>\n<p data-cerberus=\"ELEM_h1\" aria-labelledby=\"product-name a11y-product-detail-info\">Photo illustrant ce qui est possible de cr\u00e9er avec du v\u00e9g\u00e9tal artificiel<\/p>\n<p data-cerberus=\"ELEM_h1\" aria-labelledby=\"product-name a11y-product-detail-info\"><strong>Article manquant ou d\u00e9t\u00e9rior\u00e9 en retour de location factur\u00e9 100.00\u20ac<\/strong><\/p>\n<p data-cerberus=\"ELEM_h1\" aria-labelledby=\"product-name a11y-product-detail-info\">\n","protected":false},"excerpt":{"rendered":"<p>&nbsp;<\/p>\n<p><strong>\u00a0<\/strong><\/p>\n","protected":false},"featured_media":584,"comment_status":"open","ping_status":"closed","template":"","meta":{"site-sidebar-layout":"default","site-content-layout":"","ast-site-content-layout":"default","site-content-style":"default","site-sidebar-style":"default","ast-global-header-display":"","ast-banner-title-visibility":"","ast-main-header-display":"","ast-hfb-above-header-display":"","ast-hfb-below-header-display":"","ast-hfb-mobile-header-display":"","site-post-title":"","ast-breadcrumbs-content":"","ast-featured-img":"","footer-sml-layout":"","theme-transparent-header-meta":"default","adv-header-id-meta":"","stick-header-meta":"","header-above-stick-meta":"","header-main-stick-meta":"","header-below-stick-meta":"","astra-migrate-meta-layouts":"set","ast-page-background-enabled":"default","ast-page-background-meta":{"desktop":{"background-color":"var(--ast-global-color-4)","background-image":"","background-repeat":"repeat","background-position":"center center","background-size":"auto","background-attachment":"scroll","background-type":"","background-media":"","overlay-type":"","overlay-color":"","overlay-opacity":"","overlay-gradient":""},"tablet":{"background-color":"","background-image":"","background-repeat":"repeat","background-position":"center center","background-size":"auto","background-attachment":"scroll","background-type":"","background-media":"","overlay-type":"","overlay-color":"","overlay-opacity":"","overlay-gradient":""},"mobile":{"background-color":"","background-image":"","background-repeat":"repeat","background-position":"center center","background-size":"auto","background-attachment":"scroll","background-type":"","background-media":"","overlay-type":"","overlay-color":"","overlay-opacity":"","overlay-gradient":""}},"ast-content-background-meta":{"desktop":{"background-color":"var(--ast-global-color-5)","background-image":"","background-repeat":"repeat","background-position":"center center","background-size":"auto","background-attachment":"scroll","background-type":"","background-media":"","overlay-type":"","overlay-color":"","overlay-opacity":"","overlay-gradient":""},"tablet":{"background-color":"var(--ast-global-color-5)","background-image":"","background-repeat":"repeat","background-position":"center center","background-size":"auto","background-attachment":"scroll","background-type":"","background-media":"","overlay-type":"","overlay-color":"","overlay-opacity":"","overlay-gradient":""},"mobile":{"background-color":"var(--ast-global-color-5)","background-image":"","background-repeat":"repeat","background-position":"center center","background-size":"auto","background-attachment":"scroll","background-type":"","background-media":"","overlay-type":"","overlay-color":"","overlay-opacity":"","overlay-gradient":""}}},"product_brand":[],"product_cat":[26],"product_tag":[],"class_list":{"0":"post-583","1":"product","2":"type-product","3":"status-publish","4":"has-post-thumbnail","6":"product_cat-services","7":"desktop-align-left","8":"tablet-align-left","9":"mobile-align-left","11":"first","12":"instock","13":"sold-individually","14":"taxable","15":"shipping-taxable","16":"purchasable","17":"product-type-booking"},"jetpack_sharing_enabled":true,"_links":{"self":[{"href":"https:\/\/ma-reception-42.com\/index.php?rest_route=\/wp\/v2\/product\/583","targetHints":{"allow":["GET"]}}],"collection":[{"href":"https:\/\/ma-reception-42.com\/index.php?rest_route=\/wp\/v2\/product"}],"about":[{"href":"https:\/\/ma-reception-42.com\/index.php?rest_route=\/wp\/v2\/types\/product"}],"replies":[{"embeddable":true,"href":"https:\/\/ma-reception-42.com\/index.php?rest_route=%2Fwp%2Fv2%2Fcomments&post=583"}],"wp:featuredmedia":[{"embeddable":true,"href":"https:\/\/ma-reception-42.com\/index.php?rest_route=\/wp\/v2\/media\/584"}],"wp:attachment":[{"href":"https:\/\/ma-reception-42.com\/index.php?rest_route=%2Fwp%2Fv2%2Fmedia&parent=583"}],"wp:term":[{"taxonomy":"product_brand","embeddable":true,"href":"https:\/\/ma-reception-42.com\/index.php?rest_route=%2Fwp%2Fv2%2Fproduct_brand&post=583"},{"taxonomy":"product_cat","embeddable":true,"href":"https:\/\/ma-reception-42.com\/index.php?rest_route=%2Fwp%2Fv2%2Fproduct_cat&post=583"},{"taxonomy":"product_tag","embeddable":true,"href":"https:\/\/ma-reception-42.com\/index.php?rest_route=%2Fwp%2Fv2%2Fproduct_tag&post=583"}],"curies":[{"name":"wp","href":"https:\/\/api.w.org\/{rel}","templated":true}]}}